0000011011
In base 5, what is 20231 + -33?
20143
In base 11, what is 31379 - -4?
31382
In base 3, what is 0 - 2020222?
-2020222
In base 8, what is -225 + 124124?
123677
In base 15, what is 276a - 131?
2639
In base 9, what is 227342 - -4?
227346
In base 14, what is 7 + 1b57?
1b60
In base 2, what is 101010000101110000001 + 0?
101010000101110000001
In base 13, what is -1965 - 14?
-1979
In base 2, what is 10100 + 10001010110001110?
10001010110100010
In base 9, what is 457 + -1088?
-531
In base 9, what is -2 - 36671?
-36673
In base 4, what is 20001303123 - 11?
20001303112
In base 6, what is -21 - -432025?
432004
In base 6, what is -23 - -3520244?
3520221
In base 14, what is a39 + 9?
a44
In base 5, what is -2311 + -42243?
-100104
In base 11, what is 107a - 55?
1025
In base 12, what is 1 - -23335?
23336
In base 16, what is -2a6 - 126?
-3cc
In base 14, what is -133 + -29c?
-3d1
In base 12, what is -18b2b - -b?
-18b20
In base 4, what is 3 - -123232?
123301
In base 4, what is 211 + -10003?
-3132
In base 10, what is -169774 + -5?
-169779
In base 5, what is -4244 + 141300?
132001
In base 12, what is 612453 + 1?
612454
In base 14, what is -5 - 4001?
-4006
In base 9, what is 571 - 252?
318
In base 4, what is -3 + -331120202?
-331120211
In base 4, what is -22013011 - 2?
-22013013
In base 11, what is -184977 - 2?
-184979
In base 11, what is 7aa - 61?
749
In base 13, what is 3 + 14295?
14298
In base 8, what is -7 - 50731?
-50740
In base 10, what is -824576 + 2?
-824574
In base 10, what is 2 - -80807?
80809
In base 15, what is -44b + 6b?
-3d0
In base 6, what is -4354 + 1?
-4353
In base 4, what is 1 + 2112301?
2112302
In base 14, what is -b - -4392a?
4391d
In base 2, what is 101011011110110010000 + 11?
101011011110110010011
In base 5, what is -10 + 223333041?
223333031
In base 5, what is -11000 - -13342?
2342
In base 2, what is -11 + 1010010000011?
1010010000000
In base 10, what is -37085 - -5?
-37080
In base 16, what is -be1 - 2?
-be3
In base 10, what is 223859 - -1?
223860
In base 3, what is -11020102 + -101212?
-11122021
In base 2, what is 1110000100110 - -1001001?
1110001101111
In base 15, what is -d + -93b?
-949
In base 13, what is -11b304c + 1?
-11b304b
In base 10, what is -374 - 179?
-553
In base 11, what is 23 - -20690?
20703
In base 9, what is -60 + 633?
563
In base 9, what is 154 + 3530?
3684
In base 9, what is 152803 + 3?
152806
In base 14, what is -861 + -22b?
-a8c
In base 13, what is 1a - 1ca1?
-1c84
In base 14, what is -901 + 2?
-8dd
In base 4, what is -2202 - -12120103?
12111301
In base 10, what is 9 - 95254?
-95245
In base 13, what is b01 + -2a?
aa4
In base 15, what is -171 - 15a5?
-1726
In base 12, what is -4198 - 9?
-41a5
In base 7, what is 623664 + 4?
624001
In base 3, what is 101001222020 + 2?
101001222022
In base 7, what is -1030105 + 5?
-1030100
In base 15, what is 5 + -b93e0?
-b93da
In base 4, what is -323313 - -11?
-323302
In base 14, what is 0 - -96b?
96b
In base 4, what is 2020302 + 2032?
2023000
In base 4, what is 1010 + 1222?
2232
In base 12, what is 0 - -39164?
39164
In base 6, what is 225450 + -24?
225422
In base 10, what is -9 - 41348?
-41357
In base 9, what is -2870 - -37?
-2832
In base 5, what is -4 - 3310233?
-3310242
In base 13, what is 1b2 - 158?
57
In base 2, what is -11111000000100001 - -101?
-11111000000011100
In base 6, what is 255011 + 13?
255024
In base 12, what is 2a04 + -63?
2961
In base 12, what is 71b + -12?
709
In base 10, what is -4531309 + -2?
-4531311
In base 9, what is 1378 - 142?
1236
In base 14, what is -b - -a2c?
a21
In base 13, what is -6c - -30c0?
3051
In base 4, what is 1121103 - 31?
1121012
In base 11, what is -312 - a0?
-402
In base 3, what is 101111012 + 22?
101111111
In base 2, what is -1011100010110001110000 + -100?
-1011100010110001110100
In base 11, what is -58 + 14a15?
14968
In base 11, what is -5 + a086?
a081
In base 3, what is 2 - 21202110?
-21202101
In base 2, what is -111 - 1010110000101?
-1010110001100
In base 9, what is 12 - 12566?
-12554
In base 16, what is -2b5 - 12?
-2c7
In base 14, what is 0 + 2d3?
2d3
In base 4, what is 1210 - -212323?
220133
In base 13, what is 2175 - -5?
217a
In base 10, what is 560465 - 0?
560465
In base 2, what is 10110100000 - 10?
10110011110
In base 7, what is 6231 + 3?
6234
In base 11, what is -10775 + 2?
-10773
In base 2, what is 100111 - 11001?
1110
In base 12, what is 4 - 62a2?
-629a
In base 11, what is 2 + 2999?
29a0
In base 16, what is -3dc - 22?
-3fe
In base 13, what is 3 - 8c95?
-8c92
In base 13, what is -1355 - 185?
-150a
In base 5, what is -124123104 + -2?
-124123111
In base 6, what is 20022302 + -2?
20022300
In base 8, what is -311 + 725?
414
In base 14, what is -240 + -954?
-b94
In base 16, what is -cf2 - 107?
-df9
In base 13, what is 3aa43 - -6?
3aa49
In base 8, what is -15 + 10065?
10050
In base 14, what is -14 - 245?
-259
In base 2, what is 101111000 + 101001001?
1011000001
In base 10, what is 193 - 62?
131
In base 8, what is 550 + -11225?
-10455
In base 11, what is -2619 + 168?
-2461
In base 5, what is 12 + -321111?
-321044
In base 2, what is 10111111 + -110010010001?
-101111010010
In base 4, what is -10 - -1033102?
1033032
In base 15, what is 2880 - 5?
287a
In base 8, what is 1522 - -33?
1555
In base 15, what is -b3037 - -3?
-b3034
In base 5, what is 14 - -11401232?
11401301
In base 3, what is -22212 + -20000110?
-20100022
In base 10, what is -99 + 655?
556
In base 16, what is 5ed - -a?
5f7
In base 16, what is -4 - 69dd?
-69e1
In base 3, what is -10112010 + 11000?
-10101010
In base 6, what is -30222 - -10?
-30212
In base 4, what is -11212023 + 2?
-11212021
In base 11, what is 24329 + 2?
24330
In base 8, what is 402 - 2525?
-2123
In base 4, what is 10221 - 1121?
3100
In base 10, what is 13209 - -2?
13211
In base 5, what is -10140043 + -40?
-10140133
In base 12, what is -81 - -930a?
9249
In base 15, what is -1152 + -d5?
-1237
In base 13, what is -7a41 + -2?
-7a43
In base 14, what is 37d8 + a?
3804
In base 14, what is -a - 5392?
-539c
In base 9, what is 4 + -28081?
-28076
In base 4, what is -2 - 32332131?
-32332133
In base 12, what is 5116a - 5?
51165
In base 3, what is 21100 + 110100010?
110121110
In base 12, what is -76978 + 0?
-76978
In base 12, what is 130b6 + -5?
130b1
In base 5, what is 10 + 31141404?
31141414
In base 8, what is 6262 + -74?
6166
In base 10, what is 17 - 2653?
-2636
In base 3, what is 0 - -201022202112?
201022202112
In base 7, what is 220 + 61?
311
In base 2, what is 110010111001 - -10001101?
110101000110
In base 3, what is 111222 + -2021?
102201
In base 14, what is -3d96 + 16?
-3d80
In base 6, what is 1311 - 122?
1145
In base 10, what is -16 + -8?
-24
In base 14, what is 1b - -1562?
157d
In base 13, what is 41cc + 5?
4204
In base 13, what is -4a01 - 2?
-4a03
In base 3, what is -1 - -121111?
121110
In base 5, what is -2332 + -41?
-2423
In base 16, what is -5 + 2a6?
2a1
In base 10, what is 3615 + -824?
2791
In base 7, what is -5 + -1314263?
-1314301
In base 11, what is 16 - -5199?
5204
In base 8, what is -20446 + -4?
-20452
In base 9, what is -147 + -27?
-175
In base 5, what is -3 - -3311312?
3311304
In base 11, what is 3 + -1937a8?
-1937a5
In base 2, what is -10100111001 - -10000111?
-10010110010
In base 8, what is -5 + -15362?
-15367
In base 11, what is -3 - -208479?
208476
In base 15, what is -16 - a6?
-bc
In base 5, what is 3 - 3302211?
-3302203
In base 10, what is -12 + -4161?
-4173
In base 3, what is -100 - 212120?
-212220
In base 5, what is 14 + 112320?
112334
In base 11, what is -33 + -32109?
-32141
In base 3, what is -22001012221 - -1?
-22001012220
In base 3, what is 101011 + 12200?
120211
In base 9, what is -6 - -8535?
8528
In base 5, what is -133444 - 124?
-134123
In base 14, what is 17 + -60b?
-5d4
In base 16, what is -2 + 695df?
695dd
In base 9, what is -3051441 - -3?
-3051437
In base 5, what is 33001043 - -3?
33001101
In base 14, what is 15513 - -c?
15521
In base 16, what is -1cc - -883?
6b7
In base 11, what is 81a + -1?
819
In base 7, what is 10 - 51644?
-51634
In base 4, what is 20033101 - -2?
20033103
In base 5, what is 4402342 - 1?
4402341
In base 11, what is 223 + 367?
58a
In base 14, what is -a + 1a21?
1a15
In base 14, what is 2ab3b + -39?
2ab02
In base 12, what is -603 - 536?
-b39
In base 6, what is 1 - -